ime factors of m(w).
13
Suppose -3*k = 3*u - 2*k + 1, -4 = 4*k. Suppose 4 = 4*m - 12. Suppose u = -0*v + 2*v - m. List the prime factors of v.
2
Let d(m) = 2*m**2 - 5*m - 2. Suppose -4*l + 8 = 4*s, -s = 2*l - 0*l - 6. List the prime factors of d(l).
2, 5
Let a = 5 - -6. List the prime factors of a.
11
Let h = 151 - 93. What are the prime factors of h?
2, 29
Suppose o = 5*v - 1049, 10*v - 11*v - 2*o + 212 = 0. What are the prime factors of v?
2, 3, 5, 7
Suppose -2*u + 84 = -0. Suppose -4*d - 22 = -2*q - 3*d, 3*d = -3*q + u. List the prime factors of q.
2, 3
Let b(i) = 4*i - 7. List the prime factors of b(5).
13
Let m(y) = y**2 - 11*y + 10. Let s be m(10). Suppose 0 = l - s - 4. List the prime factors of l.
2
Suppose -20*s - 152 = -22*s. List the prime factors of s.
2, 19
Suppose -h = 5*h - 600. What are the prime factors of h?
2, 5
List the prime factors of (-4)/(-26) + (-2171)/(-169).
13
Let h(t) = 3 - 1 - 1 + 4*t. What are the prime factors of h(2)?
3
Let w = 217 + -68. Suppose -5*y = -b - w, -3*y + 22 = 4*b - 49. List the prime factors of y.
29
Suppose 1148 = 9*f + 5*f. List the prime factors of f.
2, 41
Suppose 0*c - 328 = -4*c. Let z = -54 + c. List the prime factors of z.
2, 7
Let s(v) = -v**2 + 10*v + 1. Let k be s(8). Let t = k - -30. What are the prime factors of t?
47
Let d(q) = -2*q - 3. Let n be d(5). Let t = n + 24. List the prime factors of t.
11
Suppose 2*a - 6*a = 0. Suppose a = 5*c - 62 + 12. What are the prime factors of (6/(-2))/((-3)/c)?
2, 5
Suppose 5*g + 5*p - 145 = 0, -2*p - 4 = -3*p. List the prime factors of g.
5
Let d = 4 - 2. Let c be (-2)/7 + (-2)/(-7). What are the prime factors of d + 1 + -1 + c?
2
Suppose -4*g = 47 - 171. What are the prime factors of g?
31
Suppose 21 = 2*r + 5*p - 3, -5*p + 20 = 0. Suppose 0 = -c + 4*b + 20 - 8, -3*c = r*b - 22. Let q = 13 - c. List the prime factors of q.
5
Let y(j) = -j**3 - 4*j**2 + 4*j + 3. Let a be y(-5). Let c = -5 + a. List the prime factors of c.
3
Suppose 0 = -2*j - h + 4, 4*j - 3*h = -0*h + 18. Suppose 6 = -2*w - 6*c + c, j*w = -2*c + 2. List the prime factors of (-2)/((-2)/(w*3)).
2, 3
Let b = -74 + 204. List the prime factors of b.
2, 5, 13
Let n(b) = 6*b + 6. Let t be n(8). Let k = 76 - t. List the prime factors of k.
2, 11
Suppose 7*s - 4*s + 22 = 2*i, 4*i = -s + 72. What are the prime factors of i?
17
Suppose 5*i + 5*r - 130 = 0, 2*i - 4*r - 32 = -2*r. What are the prime factors of i?
3, 7
Suppose 5*v + 3 = 13. List the prime factors of v.
2
Suppose 4*k - 16 = 4*d, -3*k + 2*d + 5 + 8 = 0. Let v be (2/(-3))/(4/(-18)). Suppose 3*l - 2*l + 13 = v*y, -y - 19 = -k*l. List the prime factors of y.
2, 3
List the prime factors of (-20)/5*107/(-4) - -1.
2, 3
Let q(z) = -17*z. Let i(d) = -26*d. Let n(k) = -5*i(k) + 7*q(k). List the prime factors of n(1).
11
Let w(l) = 366*l - 1. Let o be w(1). Suppose 7*y = 2*y + o. Suppose -5*x - 3 = -y. List the prime factors of x.
2, 7
Suppose 22 - 4 = -5*v - h, 4*v - 5*h = -26. Let l = 7 + v. Suppose -5*u = 5*g - 10, g = l*g - u - 10. List the prime factors of g.
2
Let n = -10 + 13. Suppose -86 = -n*d - h, -2*h + 0*h = -5*d + 136. What are the prime factors of d?
2, 7
Suppose 0 = -5*t + o + 364, 2*t - 5*o - 91 = 50. List the prime factors of t.
73
Suppose 5*l - 358 = 2*a, 221 = 3*l + 4*a + a. What are the prime factors of l?
2, 3
Let h be (-1)/1 + -4 - 0. Let d(l) = -l**3 - 7*l**2 - 4*l - 5. Let q be d(h). List the prime factors of (42/q)/(2/(-5)).
3
Let a(t) = -t**3 - t**2 + 3*t + 3. Let f be a(-3). Suppose -5*b + 2*h = -38, -f = -2*b + 5*h - 1. What are the prime factors of b?
2
Let w = 197 + -62. List the prime factors of w.
3, 5
Let o = 18 + -11. List the prime factors of o.
7
Let d(j) = 2*j + 12. Let t be d(-5). Suppose 0 = 3*r + 4*z - 43, -t*r + 0*z + 32 = z. What are the prime factors of r?
17
Let s = 5 - 17. Suppose 4*w + 3 = m + 18, -10 = 2*m + 2*w. Let f = m - s. What are the prime factors of f?
5
Let j = -38 - -53. What are the prime factors of (-2)/(-5) + 339/j?
23
Suppose 3*y - 5*x - 20 = 209, -2*x + 330 = 5*y. List the prime factors of y.
2, 17
Let c = -264 + 381. List the prime factors of c.
3, 13
Suppose 67*h = 70*h - 306. List the prime factors of h.
2, 3, 17
Let q = -42 + 62. List the prime factors of q.
2, 5
Let n(k) = k**3 + 5*k**2 + k + 5. Let o be n(-5). Let a be (18 + o)/(-1 + 3). Suppose 3*q + b - 32 = -a, -5*q - 3*b + 41 = 0. What are the prime factors of q?
7
Suppose 14 = -2*r + 3*r. List the prime factors of r.
2, 7
Let w = 69 - 23. List the prime factors of w.
2, 23
Let z = 6 + -4. Let i be ((-3)/(-3) - z)*23. Let r = 33 + i. List the prime factors of r.
2, 5
Let i be -2 - (2/(-2) + -1). Suppose -4*u + 24 = -i*u. List the prime factors of u.
2, 3
Suppose -60 = -h + 4*p + p, 3*h = -p + 180. What are the prime factors of h?
2, 3, 5
Suppose 5*p + 8 - 113 = 0. List the prime factors of p.
3, 7
Suppose 13*d + 198 - 770 = 0. List the prime factors of d.
2, 11
Let k(i) be the first derivative of -i**2/2 + 11*i - 3. Let c be 0/(3*(-3)/(-9)). What are the prime factors of k(c)?
11
Suppose -2*k = 3*f + 2 - 16, 2*f - 36 = 4*k. Suppose -f = 2*l - 22. What are the prime factors of l?
7
Let m = -21 - -25. Suppose 5*j + 2*x - 110 = 0, 50 - 160 = -5*j + m*x. List the prime factors of j.
2, 11
List the prime factors of -1 + 261/6 + (-3)/2.
41
Let f(x) = x - 2. Let y be f(-3). Let r = y + 7. Suppose -4 = -4*h + 3*q + 21, q + 13 = r*h. What are the prime factors of h?
7
Let i = -103 + 174. List the prime factors of i.
71
Suppose 0*s = -4*s + 76. Let w = s + -6. What are the prime factors of w + 2 + 0 + -1?
2, 7
Let n be -3*(-2 - (0 - -1)). Suppose -3*l + 11 = o, -5*o = 3*l - 37 - 42. Let w = o - n. List the prime factors of w.
2
Suppose 2*v - 6 = 2. Suppose 0 = l + 4 + v. Let f = 6 - l. What are the prime factors of f?
2, 7
Let p = 537 - 354. What are the prime factors of p?
3, 61
Let x be -13*(1 - 2 - 1). Suppose 4*r + x = 5*r. What are the prime factors of r?
2, 13
Suppose -54 = -3*k - 0. What are the prime factors of k?
2, 3
Suppose 0*h - h + 3 = 0. List the prime factors of 1/h - (-55)/15.
2
Let q(i) = i**3 + 12*i**2 + 3*i - 16. List the prime factors of q(-11).
2, 3
List the prime factors of 29235/165 - 2/11.
3, 59
Let p = 52 + -35. List the prime factors of p.
17
Suppose -2*z + 49 = -37. List the prime factors of z.
43
Let m(w) = -w**3 + 4*w**2 + 8*w - 3. What are the prime factors of m(4)?
29
Suppose 72 = -0*q + 2*q. Suppose -b - b + q = 0. List the prime factors of b.
2, 3
Suppose d = -4*d. Suppose 2*i + t - 48 = d, 0 = 2*i - 0*i - 5*t - 72. List the prime factors of i.
2, 13
List the prime factors of ((-4)/(-1) - 8)*-8.
2
Let y = -6 - -5. Let c = y + 7. List the prime factors of c.
2, 3
Let t = -26 + 91. What are the prime factors of t?
5, 13
Suppose 0 = 3*n + 9, 0*z - 2*n = -z + 35. Let m = z - 8. What are the prime factors of m?
3, 7
Suppose -3*i + 0*i + 6 = 0. List the prime factors of 2/((-4)/(i*-4)).
2
Let b be (-85)/(-15) - 4/6. Suppose 4*o - b*o + 2*z + 8 = 0, 5*z = -3*o + 57. What are the prime factors of o?
2, 7
Suppose 0*o = -3*o + 279. List the prime factors of o.
3, 31
List the prime factors of 22/(-121) - (728/(-11) - -2).
2
Let p = -18 + -7. Let u = -14 - p. List the prime factors of u.
11
Let g(r) = -r**3 - 4*r**2 - 2*r - 6. Let d be g(-4). Suppose -d*x - x + 66 = 0. List the prime factors of x.
2, 11
Let j(r) = r**2 + 5*r - 6. Let i be j(-7). Suppose -3*l + i*l = 60. List the prime factors of l.
2, 3
Let m(c) = 110*c. Let g be m(1). Suppose -5*v - 25 = -g. What are the prime factors of v?
17
Let c = -49 - -52. What are the prime factors of c?
3
Suppose 4*b - 20 = -4*v, -5*b = -3*b - 4*v - 40. What are the prime factors of b?
2, 5
Suppose -3*u + 64 = -2*u + 5*v, 4*v = 4*u - 208. What are the prime factors of u?
2, 3
Let n = 12 - -12. What are the prime factors of n?
2, 3
Let n(l) = -l**2 - l + 1. Let h be n(0). What are the prime factors of 18/h + (-3 - 0)?
3, 5
Let i(c) = 1. Let h(p) = p + 6. Let t(s) = h(s) - 5*i(s). Let x be t(2). Suppose -2*j + 19 = x. List the prime factors of j.
2
Let b(d) = d**2 - 7*d + 6. Let p be b(4). Let f be (-4)/(-8) - 6/(-12). Let y = f - p. What are the prime factors of y?
7
Let p(k) = k**2 - 10*k + 8. Let t be p(10). Let y(v) = -v**2 + 8*v - 4. Let w be y(t). Let q = 8